010101101 - -110000000010111?
111000011000100
In base 12, what is 130a046 + -1a?
130a028
In base 4, what is 222112230312030 - 11?
222112230312013
In base 13, what is -a7 - -a785a?
a7783
In base 13, what is 2 + 14819cb?
1481a00
In base 12, what is 5bb025 + 339?
5bb362
In base 12, what is -808 - -2634?
1a28
In base 3, what is 2002200001 - -202011?
2010102012
In base 9, what is -3 + -13100724?
-13100727
In base 4, what is -301 - -3233023?
3232122
In base 6, what is 204135041 - 5?
204135032
In base 10, what is 6621721 - -34?
6621755
In base 7, what is 4 - -1020362532?
1020362536
In base 16, what is 4b52f + -17?
4b518
In base 11, what is 4380a68 + -1?
4380a67
In base 6, what is -1153 + 1021221?
1020024
In base 16, what is -3110 + 58b?
-2b85
In base 4, what is 1300113320110202 - -3?
1300113320110211
In base 13, what is -522c97c3 - -3?
-522c97c0
In base 9, what is -13860 - 57348?
-72318
In base 5, what is -232230434 + 202?
-232230232
In base 13, what is -194c1 - b?
-194cc
In base 10, what is 5 - -82135869?
82135874
In base 4, what is 10122123022 - -20032?
10122203120
In base 10, what is 0 + 1712353?
1712353
In base 16, what is c + 143a143?
143a14f
In base 6, what is 2411545 - 132?
2411413
In base 7, what is 3132 + -62203?
-56041
In base 13, what is -70b - 10955?
-11363
In base 13, what is 19112552 - 3?
1911254c
In base 7, what is 26055 + 10425?
36513
In base 3, what is 220122200001 + 221010?
220200121011
In base 7, what is -5 + -153133325?
-153133333
In base 2, what is -10 - 110100110101111001100111010?
-110100110101111001100111100
In base 10, what is 12353 - -52690?
65043
In base 5, what is -4132 - -13341113?
13331431
In base 8, what is 3320141 - 52?
3320067
In base 11, what is a + 27948?
27957
In base 8, what is 734736 - 63?
734653
In base 5, what is -2112041334 + -31?
-2112041420
In base 4, what is 1103230223112 - 11?
1103230223101
In base 11, what is -325792 - -4a?
-325743
In base 2, what is 110 + -1010010010000110111?
-1010010010000110001
In base 2, what is 101100100000010101101011100 + -1?
101100100000010101101011011
In base 7, what is 6333 - -1066?
10432
In base 10, what is -820420 - 12?
-820432
In base 5, what is 2140342044 - 3?
2140342041
In base 3, what is -2120101 - 11001020?
-20121121
In base 16, what is -1a + a1f99b?
a1f981
In base 6, what is 10544 + 40040?
51024
In base 4, what is -1031020313 + 3221?
-1031011032
In base 15, what is -520 - -33b0?
2d90
In base 15, what is 75 - 32249?
-321c4
In base 4, what is 1033 - 103321320?
-103320221
In base 2, what is -11100110000111110110011110 - 0?
-11100110000111110110011110
In base 11, what is -163aa - 821?
-17120
In base 16, what is -1 + 12bc94a?
12bc949
In base 8, what is 1 + 114077463?
114077464
In base 8, what is -144004 + 122?
-143662
In base 10, what is 1854 - -45621?
47475
In base 7, what is 3 - 635362036?
-635362033
In base 12, what is -4 + 877a98?
877a94
In base 14, what is -38296a - 36?
-3829a2
In base 15, what is 33840d - -d5?
3384e3
In base 14, what is 21194c - 8?
211944
In base 2, what is 11001111111100110101 - 11000?
11001111111100011101
In base 4, what is 21123200222 - 10312?
21123123310
In base 14, what is 5 - -6c6ac21?
6c6ac26
In base 9, what is 2454 + -2443?
11
In base 4, what is -313 - 2023333031?
-2030000010
In base 16, what is 4740 + -16e?
45d2
In base 2, what is -101100001010000 + 110101011?
-101011010100101
In base 14, what is 8 + 545c4a?
545c54
In base 14, what is 29 - 5962?
-5937
In base 7, what is -13414143 - -15?
-13414125
In base 13, what is -102aa - 885?
-10b62
In base 3, what is -10210012 - -210100220?
122120201
In base 13, what is 3 - -a870371?
a870374
In base 12, what is -2b1657 - 11?
-2b1668
In base 11, what is 1518 - -152566?
153a83
In base 10, what is 0 - 19050801?
-19050801
In base 12, what is 172 + -6414a?
-63b98
In base 6, what is -50202 + 52201?
1555
In base 10, what is -3 - -7328642?
7328639
In base 14, what is -246 + -8ad?
-b15
In base 3, what is -10101000 - -1000210222?
220102222
In base 10, what is -7 - -1353600?
1353593
In base 2, what is 10100010000110010001 + 1001001110?
10100010001111011111
In base 9, what is 6 + 342255?
342262
In base 5, what is -102400042 + 244?
-102344243
In base 2, what is 1101100011000111011010000 - -101?
1101100011000111011010101
In base 6, what is 32223001 - 421?
32222140
In base 11, what is -2 + 33898a?
338988
In base 6, what is 2204 + -20113232?
-20111024
In base 16, what is da5fb + -1b2?
da449
In base 12, what is -27a + 29986a?
2995b0
In base 6, what is 53 - -55235531?
55240024
In base 15, what is d5 - -469b4b?
469c31
In base 9, what is 4 - 4082216?
-4082212
In base 15, what is 8 - a2861?
-a2858
In base 11, what is 7097652 + 23?
7097675
In base 2, what is -11101111100010011 - 10001?
-11101111100100100
In base 5, what is 14411 + 424311?
444222
In base 15, what is 2780 + 64?
27e4
In base 12, what is 723 + -2024?
-1501
In base 8, what is -24603354 + -1?
-24603355
In base 3, what is -10022102200200 + -2100?
-10022102210000
In base 2, what is -1 + 1110100000001101111000101?
1110100000001101111000100
In base 16, what is -8 - -4e42d?
4e425
In base 11, what is 2519 + -3223?
-805
In base 12, what is 148 - 1700a?
-16a82
In base 12, what is 351 + 3b170?
3b501
In base 2, what is 1011101 + -1000100101100001011001?
-1000100101011111111100
In base 9, what is 3 + 1026273780?
1026273783
In base 11, what is -11039 - 25a?
-11298
In base 5, what is -3 - 124120023?
-124120031
In base 13, what is 3b0ac86a - -2?
3b0ac86c
In base 7, what is 54 + -24320112?
-24320025
In base 11, what is 48372 + -56?
48317
In base 9, what is -484 + -1807?
-2402
In base 13, what is 9b - 8a508?
-8a43a
In base 11, what is -163 + 298251?
298099
In base 8, what is 741251 + -322?
740727
In base 15, what is -429a2e8 + -4?
-429a2ec
In base 7, what is -14030 - -1140?
-12560
In base 10, what is 24201 - -1520?
25721
In base 7, what is -240 + -2001664?
-2002234
In base 7, what is 5020434 + -12?
5020422
In base 7, what is -6 + -1402604301?
-1402604310
In base 6, what is -2505 + 541210?
534301
In base 2, what is 1100110 - 1001000011000110?
-1001000001100000
In base 3, what is 222012200 - 12221020?
202021110
In base 10, what is -249554 + -497?
-250051
In base 10, what is 11259 + 517?
11776
In base 7, what is 66130450 - 4?
66130443
In base 16, what is 1 + -28aa328?
-28aa327
In base 14, what is 1701c8 + -4?
1701c4
In base 3, what is 1012 - -221222200?
222000212
In base 2, what is 1000000000110011010110001 + 1?
1000000000110011010110010
In base 4, what is -131233031012102 - -10?
-131233031012032
In base 16, what is 18adf + -2e?
18ab1
In base 9, what is 2210 + 102072?
104282
In base 3, what is -121 - -1022021002100?
1022021001202
In base 11, what is -3 - -306291?
306289
In base 6, what is -101255 - 14421?
-120120
In base 8, what is 1 - -4751700?
4751701
In base 7, what is 12654646 + -143?
12654503
In base 5, what is 10344413 + -144201?
10200212
In base 6, what is -14 + -3041115?
-3041133
In base 8, what is 1605 + -2447?
-642
In base 7, what is 4 - -614645034?
614645041
In base 3, what is -112 - -2110200110110001?
2110200110102112
In base 9, what is -1264848 + -24?
-1264873
In base 5, what is 40114243240 + -3?
40114243232
In base 9, what is -11 - 2887786?
-2887807
In base 9, what is -7 - 41343013?
-41343021
In base 6, what is 1321 + 140001?
141322
In base 15, what is -d87b22 + -5?
-d87b27
In base 9, what is 1832 + -60225?
-57283
In base 10, what is 86 + -619771?
-619685
In base 6, what is -410554011 + 4?
-410554003
In base 14, what is 45259 - -154?
453ad
In base 11, what is -a11 - 103aa3?
-104a04
In base 3, what is -10101112121 - 10011?
-10101122202
In base 7, what is 1022 + 1362?
2414
In base 3, what is -101 - 121120122010001?
-121120122010102
In base 9, what is 6 - 161547765?
-161547758
In base 14, what is 187 + 19bda?
19d83
In base 6, what is 1 - -2345352331?
2345352332
In base 10, what is 7 + 2281599?
2281606
In base 15, what is -eb6a3 + -6?
-eb6a9
In base 4, what is -12132110311 + -3021?
-12132113332
In base 9, what is 368144 + -25?
368118
In base 10, what is 60 + -3100114?
-3100054
In base 13, what is -79a49 + -77?
-79ac3
In base 9, what is 675142 - 466?
674565
In base 14, what is -2 - 10ab50b?
-10ab50d
In base 6, what is 132442323 + -2?
132442321
In base 10, what is -4 - 81